 - (-2)/(-4))*-10. Let m = -2 - 5. Let h = m + n. What is the units digit of h?
8
Suppose 5*h = -a + 578, 0*h = -2*h + 2*a + 224. What is the hundreds digit of h?
1
Let i(h) = h**2 - 5*h + 4. Let o be i(3). Let p be (0 + -8)/(o + 0). Suppose -4*b - 3*g + p*g = -16, -2*g - 4 = -b. What is the units digit of b?
4
Let w(v) = -6*v**2 + 7*v + 7. Let y(k) = -k**2 + k + 1. Let n(d) = -w(d) + 5*y(d). Let q be n(3). Suppose -2*b + 13 = -q. What is the units digit of b?
7
Let i be (-16)/6*(-18)/(-12). Let b = i + 6. Suppose b = 4*u - 3*r - 6, 3*r = 0. What is the units digit of u?
2
Let r(h) = 3*h**3 - h. Let l be r(1). Suppose 0 = -2*s - 2*q + 2, 3*s - 2*q - 14 = s. What is the units digit of (-2)/s*l*-8?
8
Suppose -2*f - 5 = 9. Let v = 14 + f. What is the units digit of v?
7
Suppose -5*d + 9*d - 16 = 0. Let s be (-326)/(-10) + 2/5. Suppose d*o - s = 11. What is the tens digit of o?
1
Suppose -8*o + 15*o - 182 = 0. What is the units digit of o?
6
Let x be (-517)/(-77) - 4/(-14). Suppose 0 = -w - x + 15. What is the units digit of w?
8
Let m = 63 - -127. What is the hundreds digit of m?
1
Let b(o) be the third derivative of -o**4/12 - o**3/2 - o**2. What is the units digit of b(-3)?
3
Let n = -7 - -103. What is the units digit of n?
6
Suppose h + 416 = 3*z, -h + 78 + 328 = 3*z. Suppose 0 = 3*w - z + 35. What is the units digit of w?
4
What is the tens digit of 4/2 + ((-342)/(-2) - -6)?
7
Suppose 2*q + 3*q - 255 = 0. Suppose 4*c = 3*c + q. What is the units digit of c?
1
Let p(m) = 2*m - 7. Let y be p(5). Suppose -3*d + 15 - y = 0. What is the units digit of d?
4
Let t be (-2 - (-5)/2)*8. Suppose -6*i = -5*i - t. What is the units digit of 0 + 1/(1/i)?
4
Suppose -2*n + 4*b - 5*b + 6 = 0, 5*b = -5*n + 10. Let q = 9 + -6. Suppose -n*w = -q*w - 1. What is the units digit of w?
1
Suppose -3*q + 5*w + 55 = 3, -2*w = -2*q + 32. What is the tens digit of q?
1
Let h be (0 + 1)*-1 - -20. What is the units digit of h/4 - 2/(-8)?
5
Let y = 132 + -66. What is the units digit of y?
6
Suppose -19 = -f + 22. What is the units digit of f?
1
Suppose 3*k - 78 = -3*i, -5*k = -6*i + 3*i - 98. Let s be (-57)/(-11) + (-4)/k. Suppose -s*c = -14 - 31. What is the units digit of c?
9
Suppose n + 4*q + 0*q = 146, 2*n - 292 = -4*q. What is the units digit of n?
6
Suppose 2 = 2*b + r + 3, -3*b + 3*r = -21. Suppose -z = -b*z + 16. What is the units digit of z?
6
Let t(y) = -2*y**3 + 5*y**2 + 6*y - 4. What is the units digit of t(-3)?
7
Suppose 3*v + 4*h - 155 - 33 = 0, 319 = 5*v + h. Let s = v + -36. What is the tens digit of s?
2
Suppose -4*x = -21 + 5. Suppose 2*j - 38 = 4*b, 0 = -3*j - 2*j - x*b + 39. Suppose 0*k + k - j = 0. What is the tens digit of k?
1
Let h(g) = -g + 2. What is the units digit of h(-4)?
6
Suppose 4*n - 3*d - 32 = 0, -2*n - 5*d = -3*d - 2. Suppose 0 = n*r - 272 + 107. Suppose 4*w + 4*y = -w + 64, -3*w = -3*y - r. What is the units digit of w?
2
Let z = -3 + 5. Suppose 4*y - 5*a + 17 = 0, -4*a = -z*y - 0*a - 16. Let i = y - -4. What is the units digit of i?
6
Let a(n) = -n**2 - 11*n - 6. Let z be a(-9). Let l be z/4*(1 - 0). What is the units digit of (30/9)/(l/9)?
0
Suppose -3*k - 26 = 16. Suppose 0 = 27*q - 28*q + 21. Let f = k + q. What is the units digit of f?
7
Suppose -3*g - 33 = 3*u, -5*u + 27 = -5*g - 58. What is the units digit of (-4)/g + 36/21?
2
What is the tens digit of (-4)/18 + (-4392)/(-81)?
5
Let v = 13 + 45. What is the units digit of v?
8
Let t = 4 + -2. Suppose 0 = 2*w - w, t*w = -2*c + 14. Suppose 0 = 2*v - c - 3. What is the units digit of v?
5
Suppose 0 = 3*n + 2*n - 10. Let k = 12 - n. What is the tens digit of k?
1
Suppose -3*r - 86 = -5*r. What is the tens digit of r?
4
Let s(n) = -n**3 - 14*n**2 - 12*n + 15. Let f be s(-13). Let p = 1 - 1. Suppose -10 = -f*r - p*r. What is the units digit of r?
5
Let m(g) = g**3 - 4*g**2 + 3. Let y be m(4). Let q be 1/(-4) - y/(-12). Suppose -z + 11 = -q. What is the tens digit of z?
1
Suppose -5*g = -792 + 117. What is the tens digit of g?
3
What is the tens digit of (-1 - 12)/(3 + -4)?
1
What is the units digit of (12/5)/(10/125)?
0
Let b = 8 + -4. Let y = b + -4. Let g = y - -6. What is the units digit of g?
6
Let h be 21 - (-2*2)/2. Let b = 9 + h. Suppose -v - 3*v = y + 8, 4*v = y - b. What is the units digit of y?
2
Suppose 53 + 101 = 2*c. What is the tens digit of c?
7
Let i = 302 + -211. What is the tens digit of i?
9
Let c be 0/((-2 - -1) + 2). Suppose 5*l - 42 + 2 = c. Suppose 4*m - 2*b = l*m - 2, -6 = -4*m + 2*b. What is the units digit of m?
1
Let t(g) = -g + 1 - g**3 + 3 + 7*g**2 - 4*g. Let a be t(6). What is the units digit of (-5)/a + (-14)/(-4)?
3
Let v(u) = 2*u**3 - 13*u**2 + 11*u + 4. Let p(q) = 3*q**3 - 19*q**2 + 16*q + 6. Let t(c) = -5*p(c) + 8*v(c). What is the units digit of t(8)?
2
Let w = 7 + 9. Suppose -5*s + 9 + w = 0. What is the units digit of 0 - (-2 - s/1)?
7
Suppose 2*x = -3*m + 20, 3*x - 4 = -2*x + 4*m. Let l be 10/x + 1/(-2). Suppose -u - l*c = -14, -u + 23 = 2*c + 3*c. What is the units digit of u?
8
Let o(w) = w + 3. What is the units digit of o(6)?
9
Suppose -3*r = 2*r + 25, 2*k = -3*r - 11. Suppose -19 = -k*a + 15. Suppose -5*x + a = -98. What is the units digit of x?
3
Suppose 3*c = -3*s + 30, 3*s + 5 = 2*c + 8*s. What is the tens digit of c?
1
Let y = 12 + 1. What is the tens digit of y?
1
Let z(a) be the third derivative of a**5/60 - 11*a**4/24 + 13*a**3/6 + 3*a**2. Let m be z(9). Let t = m - -6. What is the units digit of t?
1
Suppose -g + 14 = 3*p - 4*p, 5*g - 4*p = 70. What is the tens digit of g?
1
Let q(s) = 3*s**2 - 4. What is the units digit of q(3)?
3
Let a be 1 - (2/2 - 6). Suppose 2*n - a*n = 4*x - 224, x - 62 = 5*n. What is the tens digit of x?
5
Let r = 31 + 11. What is the tens digit of r?
4
Suppose 4*u - 16 = 0, 4*u - u - 22 = -2*v. Suppose -3*h + 3 = 3*m + 2*m, 4*h - 39 = v*m. What is the units digit of (-2)/h + (-13)/(-3)?
4
Let f = 100 + 63. What is the hundreds digit of f?
1
Let w be 132/9*(-3)/2. Suppose -2*d + 29 = -39. Let x = w + d. What is the units digit of x?
2
Let o(l) = 3*l + 2. Let h be o(-3). Let m be 1 - (-2 + h)/3. Suppose 2*w = 4*w - m. What is the units digit of w?
2
Suppose -3*f = -0 - 12. What is the units digit of 60/9*6/f?
0
Suppose 2*u - 226 = -5*w, -6*u + 3*w = -2*u - 478. What is the hundreds digit of u?
1
Suppose -3*j - 8 = -4*c - 20, -8 = -2*j - 5*c. Let o = 5 - j. What is the units digit of -2 + (o - 0) + 7?
6
Suppose -2*a + 149 = -107. What is the units digit of a?
8
Let x = 5 + -2. Suppose -3*c + 0*k - x*k = -3, 2*k - 5 = c. What is the units digit of c/6 - (-110)/12?
9
Suppose -n + 15 = 2*n. Suppose -4*d - 2*g = -2, n*d - 5*g = -5 - 0. Suppose -3*q - q + 32 = d. What is the units digit of q?
8
Let l be -9*(3 - -1 - 7). Suppose -d + 12 + l = 0. What is the tens digit of d?
3
Let a(m) = 91*m**2 - 2*m + 1. What is the tens digit of a(1)?
9
Let v(j) = j**3 + 3*j**2 + 2*j + 1. Let k be v(-2). Let c(w) be the third derivative of w**5/12 + w**4/24 - w**3/6 - w**2. What is the units digit of c(k)?
5
Let u = -8 + 5. Let r = -3 + u. What is the units digit of (-1 + r/(-4))*2?
1
Let p = 2 - 2. Suppose -3*b - 54 = -3*g, p*b - 14 = -g - b. Let n = g - 4. What is the tens digit of n?
1
Let d = 173 + -93. Suppose -5*h = -d - 0. What is the units digit of h?
6
Let w be 0*(-1 + 3/2). Let a(q) = 2*q + 4. Let l be a(0). Let d = l + w. What is the units digit of d?
4
Let p be (-2)/3*1*-3. Suppose -7 - 5 = -p*s. Suppose 0*x + s = 2*x. What is the units digit of x?
3
Let l = 1 + 26. What is the units digit of l?
7
Suppose 0*t - t + 4*z = 85, -281 = 3*t + z. Let s = -53 - t. What is the units digit of s?
0
Let z be 2/5 + 52/20. Suppose -o = -2*o + 7. Let a = z + o. What is the tens digit of a?
1
Let f(k) = 7*k**2 + k - 3. Let o be f(4). Suppose 17 = 5*n - o. What is the units digit of n?
6
Let t = 5 - 3. Suppose 2*u = -3*o + 1, 5*u + t*o - 7 = 1. Suppose -u*v - 3*v + 50 = 0. What is the units digit of v?
0
Suppose 2*z - z - 4 = 0. Suppose -z*y - 3 = -7. Suppose 0 + y = i. What is the units digit of i?
1
What is the units digit of (93/(-4))/(22/(-176))?
6
Suppose -11*z + 9*z + 14 = 0. Suppose -2*t - z = -89. What is the units digit of t?
1
Let v(n) = 2*n**2 - n. Let m be v(1). Suppose -8 = -t - 3*q, -3*q - m = -4*q. What is the units d